e o(g).
10
Let m(r) = r + 1. Let s be m(-6). Let z(g) = g**3 + 5*g**2 - 2*g - 6. Give z(s).
4
Let q(k) = -k**3 + 2*k**2 - 2*k + 1. Suppose -4*a - 4*d + 24 = d, -2*d = -8. Let w be q(a). Let p(j) = 0*j + 1 + 2*j + w*j. What is p(-3)?
-5
Let m(c) be the second derivative of -2*c**3/3 + c**2/2 - 17*c. Determine m(-2).
9
Let w be (1/(-1))/((-1)/8). Suppose h = 3 - w. Let b(r) = -3*r - 6. Calculate b(h).
9
Let k(g) = 8*g + 8. Let o(v) = -v - 1. Suppose 25 = -3*q - 4*h - 25, 92 = -5*q + 2*h. Let x(n) = q*o(n) - 2*k(n). Suppose -6*a = -a + 15. Calculate x(a).
-4
Let o(k) be the second derivative of -7*k**4/12 + 2*k**3/3 - k**2 - 3*k. Let h(u) = 6*u**2 - 3*u + 1. Let w(p) = -6*h(p) - 5*o(p). What is w(-4)?
-4
Let g(y) = -2*y - 3. Let j be g(-3). Let b(d) = 3*d**3 + 5*d**3 - 3*d**3 - d - 1 + 3*d**j. What is b(-1)?
-8
Let z be -2*(0 - (-5)/2). Suppose -6*c + 16 = -2*c. Let o(r) = r + c - 1 + 3. Determine o(z).
1
Let v(c) = -2*c + 29. Suppose 2*u - 4*u = -4. Let t(o) = 6 - 3*o + u*o + 4 + 5. Let n(z) = 5*t(z) - 3*v(z). What is n(6)?
-6
Suppose -3*f = -2*d + 14, 5*f - 7*d + 24 = -3*d. Let h(t) be the second derivative of -t**4/12 - t**3 - t**2 + 139*t. Calculate h(f).
6
Suppose 6 - 4 = -2*b. Let x(q) be the first derivative of -q**3/3 - q**2/2 - q - 6. Calculate x(b).
-1
Let v(p) = p**3 + 3*p**2 - 6*p - 2. Let o(t) = -t**3 + 2*t**2 + 5*t - 3. Let w be o(4). Let f be 14/(-3) - 10/w. Determine v(f).
6
Let r(q) be the third derivative of -q**5/60 + q**3/6 - q**2. Let p be r(2). Let t(o) = o**2 + o. Determine t(p).
6
Let j = 1 + 7. Let r = 4 - j. Let k(z) = -6*z**3 - 9*z**2 - 3*z. Let t(p) = 7*p**3 + 10*p**2 + 4*p + 1. Let n(b) = 6*k(b) + 5*t(b). Calculate n(r).
-3
Let a(v) = v**2 - 9*v + 6. Let o = -45 + 53. Calculate a(o).
-2
Let h = 315 + -311. Let d(z) be the second derivative of -z**4/12 + z**3/2 + 5*z**2/2 - z. What is d(h)?
1
Let c(w) be the third derivative of w**5/60 + w**4/6 - w**3/3 - w**2. Let q(g) = -g**3 + 4*g**2 - 6*g + 5. Let f be q(3). Determine c(f).
-2
Let h = 20 + -14. Let s(o) = o**3 - 6*o**2 + 2*o - 4. Determine s(h).
8
Let g = -14 + 11. Let k(n) = n**3 + 2*n**2 - 5*n - 3. What is k(g)?
3
Suppose 2*q - 6 = 4*q, 2*j = -4*q - 4. Let d = 6 - j. Let x(b) be the third derivative of b**4/8 - b**3/2 + b**2. Determine x(d).
3
Let k(a) = -a**3 + 5*a**2 + 5. Suppose 14 = -2*t + 44. Suppose -d - 4*d = -t. Let w be (15/d)/(2 + -1). Calculate k(w).
5
Let s(t) be the first derivative of t**2/2 - 6*t - 15. Give s(8).
2
Let z(t) be the second derivative of t**4/8 - t**3/6 - 3*t**2/2 + 2*t. Let n(s) be the first derivative of z(s). Give n(-2).
-7
Let j(t) = 2*t**2 - 4*t - 3. Let a(z) = 2*z**2 - 3*z - 3. Let g(v) = -5*a(v) + 4*j(v). Let i(n) be the first derivative of g(n). What is i(-1)?
3
Let z(l) = -6*l + 1. Let k be ((-3)/6)/((-1)/14). Let j(a) = 11*a - 2. Let i(p) = k*z(p) + 4*j(p). Suppose -4*s = -3*s + 1. Determine i(s).
-3
Let r be (-4)/(-3) + 12/18. Let j(y) = -2*y**3 + y**2 + 3*y - 1. Calculate j(r).
-7
Let f = -11 + 6. Let j(y) = y**3 + 4*y**2 - 8*y - 5. What is j(f)?
10
Let m(s) = s - 3. Suppose 4*b = 5*k, -4*b = 5*k - 2*b. Suppose k = 4*p, -3*c + 21 = -0*c + 2*p. Give m(c).
4
Let x be (20/(-15))/(6/(-9)). Let q(m) = -3*m - m**x + 0*m**2 - 43 + 41. Calculate q(-3).
-2
Let z be 22/(-88)*(-1 + 1). Let m(u) = -2*u. What is m(z)?
0
Suppose 2*j + 5*l = -2*j + 21, -j + 7 = 3*l. Suppose -3*c - c + 4*q = -128, 0 = c - 2*q - 34. Let k(w) = -w - 4 - 29*w**2 - 2*w + c*w**2. What is k(j)?
0
Let x be ((-21)/6)/((-3)/6). Suppose x*p + 5 = 2*p. Let m(w) = 2*w**2 - w. Give m(p).
3
Let z(k) = -k**3 - 8*k**2 + 9*k + 12. Let p be z(-9). Suppose 5*v - 9*v + p = 0. Let w(q) = -q**2 + q + 1. What is w(v)?
-5
Suppose -17 + 6 = -n. Let j(s) = 3*s**2 + 21*s + 23. Let o(u) = u**2 + 7*u + 8. Let f(w) = n*o(w) - 4*j(w). What is f(-5)?
6
Let d(w) = 7*w - 7. Let g(t) = -5*t + 7. Let z(q) = 3*d(q) + 4*g(q). What is z(-3)?
4
Let r(t) = -171*t**2 + 2 + 170*t**2 + t - 1. Give r(0).
1
Let s(q) = 4*q. Let m(h) = 2*h - 6. Let l be (-3)/12 + (-27)/(-12). Let x be m(l). Determine s(x).
-8
Let u be (-27)/(-12) - (-3)/(-12). Suppose u = -g + 6. Let q(t) = -2*t + 4. What is q(g)?
-4
Let z(j) be the third derivative of j**9/8640 - j**8/10080 + j**6/720 - j**5/30 - 3*j**2. Let u(o) be the third derivative of z(o). Calculate u(1).
6
Let m(d) = 2*d + 4. Let v(s) = s + 3. Suppose a + 4*a = -30. Let z be v(a). Calculate m(z).
-2
Let p(w) = w**3 - 8*w**2 + 2*w + 10. Let d(c) = 2*c**3 - 17*c**2 + 4*c + 23. Let z(h) = 3*d(h) - 7*p(h). Suppose 12 = 4*n - 4. Determine z(n).
7
Suppose -23 = -5*z + r, -3 = 2*z - 4*r - 5. Let p(f) = -5*f - 6 - 1 + 9*f - 3*f. Calculate p(z).
-2
Suppose -g - 5*m = -25, -2*g - 4*m = -0*g - 20. Suppose g = -b + 5*b - 12. Let l(q) = 6*q**2 - 7*q + 8 - 3 + 0*q - q**b. Calculate l(5).
-5
Let c(o) be the third derivative of -o**6/120 - o**4/24 + o**3/6 + o**2. Let a(z) = -z**2 - 5*z + 6. Let g = -12 + 6. Let u be a(g). What is c(u)?
1
Let w(c) = 0*c - 9*c + 8*c. Let b(v) = v + 1. Let r be b(4). What is w(r)?
-5
Let f(b) be the third derivative of b**5/120 + b**4/4 - b**3/6 - 3*b**2. Let x(a) be the first derivative of f(a). Determine x(-5).
1
Let u(i) = -i**2 - 3*i + 1. Suppose 0*l = l + 5. Give u(l).
-9
Let y(u) = -u**3 + u**2 + 1. Let b(w) = 3*w**3 - 7*w**2 + w. Let v(g) = b(g) + 4*y(g). Give v(-4).
16
Let b(f) be the second derivative of 4*f**3/3 - 27*f. Calculate b(2).
16
Suppose 0 = 5*x + 2 - 12. Let m(d) = -3*d + 6*d**2 + 3*d - 7*d**x + 1. Let b = 8 - 6. Determine m(b).
-3
Let w = -23 + 18. Let q(d) = -2*d**2 + 3*d + 4. Let h be q(3). Let l(j) = -j**2 - 1. Let o(y) = -6*y**2 - 3*y - 5. Let k(r) = h*l(r) + o(r). Calculate k(w).
-10
Let t(s) = -14*s**3 + 29*s**2 - 26*s - 23. Let a(l) = 5*l**3 - 10*l**2 + 9*l + 8. Let z(b) = 11*a(b) + 4*t(b). Determine z(5).
-4
Let i = -5 - -7. Suppose -s + 7 = -i*s. Let j(u) = -u**2 - 7*u - 10. What is j(s)?
-10
Let c(x) = x**2 - 6*x + 2. Let s be c(4). Let h be (-2)/(-10) + (-14)/(-5). Let b(q) = 8 - 4*q + h*q + 2*q. Give b(s).
2
Suppose -5*s + 15 = -w, 3*w = 4*s - 11 - 12. Let g(h) be the third derivative of -h**5/60 - 5*h**4/24 - h**3/3 - 3*h**2. What is g(w)?
-2
Let d = 2 + -3. Let v(a) = -a**2 + 1. Let f(q) = 3*q**2 + q - 2. Let h(z) = f(z) + 2*v(z). Calculate h(d).
0
Let k(x) = -5*x**2 - 2 + 2 - x**3 - 6 + 2*x - 3*x. Suppose b - 3*b - 10 = 0. Give k(b).
-1
Let n(c) = -7*c**2 + c - 6. Let f(p) = -8*p**2 - 7. Let l(s) = 5*f(s) - 6*n(s). Give l(4).
9
Let u(d) = -d**3 - d**2 - 2*d + 1. Let q be (-1)/2 + (-3)/2. Give u(q).
9
Let u(b) = -3*b**3 + 6*b**2 - 2*b - 3. Let t(j) = -j**3 + j**2 - 1. Let h(a) = 4*t(a) - u(a). Determine h(-2).
-5
Let u(k) = k**2 - 3*k - 5. Let q = 24 + -19. Give u(q).
5
Suppose 279 - 54 = 5*q. Let c be 2/9 + 305/q. Let h = -11 + c. Let u(n) = n**2 + 6*n + 2. Calculate u(h).
-6
Let x(p) = 2*p**2 + 4*p + 1. Let c(d) = -3*d**2 - 9*d - 2. Let j(h) = 4*c(h) + 9*x(h). What is j(1)?
7
Suppose -3*a - 8 - 4 = 0. Let z = 0 + a. Let y(g) = -g**2 - 5*g - 3. What is y(z)?
1
Let j(m) = 5*m - 3*m + 13 - 15. What is j(6)?
10
Suppose -2*q = -4*r, -2*q - 2 = -2*r - 6. Let m = -6 - -8. Let s(f) = -r*f + 1 + 2*f**m - 3 + 0. What is s(2)?
2
Let w(q) be the second derivative of -q**4/12 + q**3/3 + 3*q**2/2 + 17*q. Give w(4).
-5
Let m(j) = -j - 3. Let p be m(-5). Let c(y) = -6 - 3 - y + p - 3. Determine c(-6).
-4
Let r = -2 - -5. Let q(z) = -3 - 2*z - r + 0*z + 1. Calculate q(-6).
7
Let n be 16/7 + (-8)/28. Suppose 0 = n*c + 1 - 3. Suppose -2*z = -z + c. Let x(d) = -d - 1. Determine x(z).
0
Let x = 22 - 19. Let z(d) = -x - 5 + d + 1 + 2. Calculate z(6).
1
Let m(i) be the second derivative of i**3/2 - i**2/2 + 2*i + 13. Suppose -5*n = -0*n - 10. Suppose q + 13 = -4*a + n*q, 5*a - 10 = -4*q. Calculate m(a).
-7
Let z(c) = c**2 - 6*c + 4. Let d(x) = x**3 + 9*x**2 - 2*x - 10. Let p be d(-9). Let o be (-6)/(-5)*(-20)/p. Let n = 3 - o. Give z(n).
4
Let l = 13 + -20. Let t(z) = z + 9. Let g be t(l). Let o be -3 + 5 + (g - -1). Let r(f) = f**3 - 5*f**2 - 2*f + 2. What is r(o)?
-8
Let l(m) = -1 + 6*m**2 - 2 + 7*m**3 - 5*m**3 + 5*m - m**3. Give l(-4).
9
Let r(c) be the first derivative of -c**4/4 - c**3 + 5*c**2/2 - 3*c + 21. Calculate r(-5).
22
Let g = -49/3 + 101/6. Let f(z) be the second derivative of 0 + g*z**2 - 1/6*z**3 + 1/12*z**4 -